{"id":119,"date":"2025-03-25T16:56:57","date_gmt":"2025-03-25T15:56:57","guid":{"rendered":"https:\/\/matthieumiller.be\/?page_id=119"},"modified":"2026-04-16T14:53:18","modified_gmt":"2026-04-16T12:53:18","slug":"immobilier","status":"publish","type":"page","link":"https:\/\/matthieumiller.be\/index.php\/immobilier\/","title":{"rendered":"Reportage photo et vid\u00e9o &#8211; Immobilier"},"content":{"rendered":"\n<div class=\"wp-block-group alignfull has-accent-background-color has-background has-global-padding is-layout-constrained wp-container-core-group-is-layout-669513ed wp-block-group-is-layout-constrained\" style=\"margin-top:0;margin-bottom:0;padding-top:var(--wp--preset--spacing--50);padding-right:var(--wp--preset--spacing--50);padding-bottom:var(--wp--preset--spacing--50);padding-left:var(--wp--preset--spacing--50)\">\n<div class=\"wp-block-columns alignwide is-layout-flex wp-container-core-columns-is-layout-28f84493 wp-block-columns-is-layout-flex\">\n<div class=\"wp-block-column is-layout-flow wp-block-column-is-layout-flow\" style=\"flex-basis:40%\">\n<p class=\"wp-container-content-0733e5d0\">Photo &#8211; Vid\u00e9o  &#8211; Drone<\/p>\n\n\n\n<p><strong>Depuis 2008, j\u2019ai b\u00e2ti un v\u00e9ritable r\u00e9seau de professionnels de confiance<\/strong> : experts en PEB, \u00e9lectriciens, ouvriers du b\u00e2timent\u2026 Gr\u00e2ce \u00e0 cette synergie, je vous offre bien plus que des photos et vid\u00e9os de qualit\u00e9. Besoin d\u2019un diagnostic, d\u2019une mise aux normes ou de petits travaux avant la mise en vente ? Je vous mets en relation avec des sp\u00e9cialistes disponibles et comp\u00e9tents pour optimiser la pr\u00e9sentation de votre bien. <strong>Un service cl\u00e9 en main, rapide et efficace, pour vendre en toute s\u00e9r\u00e9nit\u00e9 !<\/strong><\/p>\n<\/div>\n\n\n\n<div class=\"wp-block-column is-layout-flow wp-block-column-is-layout-flow\" style=\"flex-basis:60%\">\n<p class=\"has-heading-font-family has-x-large-font-size\" style=\"line-height:1.2\">Faire appel \u00e0 un photographe pro c&rsquo;est garantir une vente immobili\u00e8re en confiance et \u00e0 la hauteur de vos attentes.<\/p>\n<\/div>\n<\/div>\n\n\n\n<div style=\"height:var(--wp--preset--spacing--40)\" aria-hidden=\"true\" class=\"wp-block-spacer\"><\/div>\n\n\n\n<figure class=\"wp-block-image alignwide size-large is-style-rounded is-style-rounded--1\"><img loading=\"lazy\" decoding=\"async\" width=\"1024\" height=\"683\" src=\"http:\/\/matthieumiller.be\/wp-content\/uploads\/2025\/03\/interior-Bella-Vita-9-1024x683.jpg\" alt=\"\" class=\"wp-image-24\" srcset=\"https:\/\/matthieumiller.be\/wp-content\/uploads\/2025\/03\/interior-Bella-Vita-9-1024x683.jpg 1024w, https:\/\/matthieumiller.be\/wp-content\/uploads\/2025\/03\/interior-Bella-Vita-9-300x200.jpg 300w, https:\/\/matthieumiller.be\/wp-content\/uploads\/2025\/03\/interior-Bella-Vita-9-768x512.jpg 768w, https:\/\/matthieumiller.be\/wp-content\/uploads\/2025\/03\/interior-Bella-Vita-9.jpg 2000w\" sizes=\"auto, (max-width: 1024px) 100vw, 1024px\" \/><\/figure>\n<\/div>\n\n\n\n<div class=\"wp-block-group alignfull has-base-background-color has-background has-global-padding is-layout-constrained wp-container-core-group-is-layout-d89aad35 wp-block-group-is-layout-constrained\" style=\"margin-top:0;margin-bottom:0;padding-top:var(--wp--preset--spacing--50);padding-right:var(--wp--preset--spacing--50);padding-bottom:var(--wp--preset--spacing--50);padding-left:var(--wp--preset--spacing--50)\">\n<div class=\"wp-block-columns alignwide is-layout-flex wp-container-core-columns-is-layout-549b0c86 wp-block-columns-is-layout-flex\">\n<div class=\"wp-block-column has-global-padding is-content-justification-left is-layout-constrained wp-container-core-column-is-layout-4f15e8fe wp-block-column-is-layout-constrained\" style=\"flex-basis:40%\">\n<p><strong>Tarifs photo<\/strong> <\/p>\n\n\n\n<div class=\"wp-block-group has-global-padding is-layout-constrained wp-block-group-is-layout-constrained\">\n<p>-120m\u00b2 : 200\u20ac tvac<\/p>\n\n\n\n<p>120-250m\u00b2 : 300\u20ac tvac<\/p>\n\n\n\n<p>+250m\u00b2 : sur devis<\/p>\n\n\n\n<p><\/p>\n<\/div>\n\n\n\n<p><strong>Tarifs vid\u00e9o verticale story r\u00e9seaux sociaux<\/strong><\/p>\n\n\n\n<div class=\"wp-block-group has-global-padding is-layout-constrained wp-block-group-is-layout-constrained\">\n<p>-120m\u00b2 : 125\u20ac tvac<\/p>\n\n\n\n<p>120-250m\u00b2 : 250\u20ac tvac<\/p>\n\n\n\n<p>+250m\u00b2 : sur devis<\/p>\n<\/div>\n<\/div>\n\n\n\n<div class=\"wp-block-column is-layout-flow wp-container-core-column-is-layout-119bc444 wp-block-column-is-layout-flow\" style=\"flex-basis:60%\">\n<p class=\"has-heading-font-family has-x-large-font-size\" style=\"line-height:1.2\">Vous souhaitez vendre votre bien rapidement et au meilleur prix ?<\/p>\n\n\n\n<div class=\"wp-block-columns is-layout-flex wp-container-core-columns-is-layout-87beb0d0 wp-block-columns-is-layout-flex\">\n<div class=\"wp-block-column is-layout-flow wp-block-column-is-layout-flow\">\n<p class=\"wp-container-content-9cfa9a5a\"> Faites la diff\u00e9rence avec des photos professionnelles qui captivent l\u2019attention d\u00e8s le premier regard. Un reportage immobilier de qualit\u00e9 met en valeur chaque espace, attire plus d\u2019acheteurs et limite les n\u00e9gociations \u00e0 la baisse. <\/p>\n<\/div>\n\n\n\n<div class=\"wp-block-column is-layout-flow wp-block-column-is-layout-flow\">\n<p>Aujourd\u2019hui, 90 % des recherches immobili\u00e8res commencent en ligne : des images soign\u00e9es sont essentielles pour se d\u00e9marquer. Ne laissez pas une annonce banale freiner votre vente ! Offrez \u00e0 votre bien la pr\u00e9sentation qu\u2019il m\u00e9rite et maximisez vos chances de conclure en un temps record. Contactez-moi d\u00e8s maintenant pour donner un coup d\u2019\u00e9clat \u00e0 votre annonce !<\/p>\n<\/div>\n<\/div>\n<\/div>\n<\/div>\n<\/div>\n\n\n\n<div class=\"wp-block-cover alignfull is-light has-parallax\" style=\"padding-top:var(--wp--preset--spacing--50);padding-right:var(--wp--preset--spacing--50);padding-bottom:var(--wp--preset--spacing--50);padding-left:var(--wp--preset--spacing--50);min-height:100vh;aspect-ratio:unset;\"><div class=\"wp-block-cover__image-background wp-image-30 has-parallax\" style=\"background-position:50% 50%;background-image:url(http:\/\/matthieumiller.be\/wp-content\/uploads\/2025\/03\/web-7.jpg)\"><\/div><span aria-hidden=\"true\" class=\"wp-block-cover__background has-base-background-color has-background-dim-0 has-background-dim\"><\/span><div class=\"wp-block-cover__inner-container has-global-padding is-layout-constrained wp-container-core-cover-is-layout-e4fd886c wp-block-cover-is-layout-constrained\">\n<div style=\"height:500px\" aria-hidden=\"true\" class=\"wp-block-spacer\"><\/div>\n<\/div><\/div>\n\n\n\n<div class=\"wp-block-group alignfull has-base-2-background-color has-background has-global-padding is-layout-constrained wp-container-core-group-is-layout-7cd14b77 wp-block-group-is-layout-constrained\" style=\"margin-top:0;margin-bottom:0;padding-top:var(--wp--preset--spacing--60);padding-right:var(--wp--preset--spacing--60);padding-bottom:var(--wp--preset--spacing--60);padding-left:var(--wp--preset--spacing--60)\">\n<div class=\"wp-block-group alignwide is-layout-flow wp-block-group-is-layout-flow\">\n<div style=\"height:var(--wp--preset--spacing--50)\" aria-hidden=\"true\" class=\"wp-block-spacer\"><\/div>\n\n\n\n<p class=\"has-text-align-center has-heading-font-family has-x-large-font-size\" style=\"font-style:normal;font-weight:400;line-height:1.2\">Vous \u00eates une agence \u00e0 la recherche d&rsquo;un photographe, vid\u00e9aste en immobilier&#8230; Contactez-moi pour connaitre votre tarif pr\u00e9f\u00e9rentiel!<\/p>\n\n\n\n<div style=\"height:var(--wp--preset--spacing--50)\" aria-hidden=\"true\" class=\"wp-block-spacer\"><\/div>\n<\/div>\n<\/div>\n\n\n\n<div class=\"wp-block-group alignfull has-base-2-color has-contrast-background-color has-text-color has-background has-link-color wp-elements-f76f125462a6cdc94e28ae856e4217ec has-global-padding is-layout-constrained wp-container-core-group-is-layout-facafb6f wp-block-group-is-layout-constrained\" style=\"margin-top:0;margin-bottom:0;padding-top:var(--wp--preset--spacing--50);padding-right:var(--wp--preset--spacing--50);padding-bottom:var(--wp--preset--spacing--50);padding-left:var(--wp--preset--spacing--50)\">\n<div class=\"wp-block-columns alignwide is-layout-flex wp-container-core-columns-is-layout-d1c656ed wp-block-columns-is-layout-flex\">\n<div class=\"wp-block-column is-vertically-aligned-stretch is-layout-flow wp-block-column-is-layout-flow\" style=\"padding-right:0;flex-basis:60%\">\n<div class=\"wp-block-group is-vertical is-content-justification-stretch is-layout-flex wp-container-core-group-is-layout-ae24f51d wp-block-group-is-layout-flex\" style=\"min-height:100%\">\n<figure class=\"wp-block-video\"><video controls src=\"https:\/\/matthieumiller.be\/wp-content\/uploads\/2025\/09\/immo-miller-video-2.mp4\"><\/video><\/figure>\n\n\n\n<p class=\"has-medium-font-size\"><strong>Exp\u00e9rience, disponibilit\u00e9, rapidit\u00e9 et confiance<\/strong> : les cl\u00e9s d\u2019un reportage immobilier r\u00e9ussi ! Avec un photographe professionnel \u00e0 vos c\u00f4t\u00e9s, votre bien est mis en valeur sous son meilleur jour. Gr\u00e2ce \u00e0 mon savoir-faire et \u00e0 ma r\u00e9activit\u00e9, je vous livre des photos et vid\u00e9os de qualit\u00e9 en un temps record, pr\u00eates \u00e0 capter l\u2019attention des acheteurs. Toujours \u00e0 votre \u00e9coute, je vous accompagne avec s\u00e9rieux et professionnalisme pour maximiser vos chances de vente. <strong>Faites le choix de la qualit\u00e9 et de la confiance<\/strong> pour une mise en avant percutante et efficace de votre bien !<\/p>\n<\/div>\n<\/div>\n\n\n\n<div class=\"wp-block-column is-layout-flow wp-block-column-is-layout-flow\" style=\"flex-basis:40%\">\n<div class=\"wp-block-group has-global-padding is-layout-constrained wp-block-group-is-layout-constrained\">\n<p class=\"has-large-font-size\" style=\"font-style:normal;font-weight:500;line-height:1.2\">Attirez l\u2019attention en quelques secondes avec une <strong>vid\u00e9o verticale immersive<\/strong> ! Aujourd\u2019hui, les acheteurs scrollent sur les r\u00e9seaux sociaux \u00e0 la recherche de leur futur bien. Une <strong>vid\u00e9o dynamique et percutante<\/strong>, sp\u00e9cialement con\u00e7ue pour les stories, capte imm\u00e9diatement l\u2019int\u00e9r\u00eat et donne envie de visiter. Ne laissez pas votre annonce passer inaper\u00e7ue, boostez votre visibilit\u00e9 avec une <strong>vid\u00e9o adapt\u00e9e aux formats des r\u00e9seaux sociaux<\/strong> ! <\/p>\n\n\n\n<div style=\"height:var(--wp--preset--spacing--40)\" aria-hidden=\"true\" class=\"wp-block-spacer\"><\/div>\n\n\n\n<div class=\"wp-block-group is-layout-flow wp-block-group-is-layout-flow\">\n<p class=\"has-medium-font-size\">Matthieu Miller depuis 2008<\/p>\n\n\n\n<figure class=\"wp-block-image size-large is-style-rounded is-style-rounded--2\"><img loading=\"lazy\" decoding=\"async\" width=\"1024\" height=\"683\" src=\"http:\/\/matthieumiller.be\/wp-content\/uploads\/2025\/03\/interieur2500-11-1024x683.jpg\" alt=\"\" class=\"wp-image-36\" style=\"aspect-ratio:9\/16;object-fit:cover\" srcset=\"https:\/\/matthieumiller.be\/wp-content\/uploads\/2025\/03\/interieur2500-11-1024x683.jpg 1024w, https:\/\/matthieumiller.be\/wp-content\/uploads\/2025\/03\/interieur2500-11-300x200.jpg 300w, https:\/\/matthieumiller.be\/wp-content\/uploads\/2025\/03\/interieur2500-11-768x512.jpg 768w, https:\/\/matthieumiller.be\/wp-content\/uploads\/2025\/03\/interieur2500-11-1536x1024.jpg 1536w, https:\/\/matthieumiller.be\/wp-content\/uploads\/2025\/03\/interieur2500-11-2048x1366.jpg 2048w\" sizes=\"auto, (max-width: 1024px) 100vw, 1024px\" \/><\/figure>\n<\/div>\n<\/div>\n<\/div>\n<\/div>\n<\/div>\n","protected":false},"excerpt":{"rendered":"<p>Photo &#8211; Vid\u00e9o &#8211; Drone Depuis 2008, j\u2019ai b\u00e2ti un v\u00e9ritable r\u00e9seau de professionnels de confiance : experts en PEB, \u00e9lectriciens, ouvriers du b\u00e2timent\u2026 Gr\u00e2ce \u00e0 cette synergie, je vous offre bien plus que des photos et vid\u00e9os de qualit\u00e9. Besoin d\u2019un diagnostic, d\u2019une mise aux normes ou de petits travaux avant la mise en [&hellip;]<\/p>\n","protected":false},"author":1,"featured_media":0,"parent":0,"menu_order":0,"comment_status":"closed","ping_status":"closed","template":"","meta":{"footnotes":""},"class_list":["post-119","page","type-page","status-publish","hentry"],"_links":{"self":[{"href":"https:\/\/matthieumiller.be\/index.php\/wp-json\/wp\/v2\/pages\/119","targetHints":{"allow":["GET"]}}],"collection":[{"href":"https:\/\/matthieumiller.be\/index.php\/wp-json\/wp\/v2\/pages"}],"about":[{"href":"https:\/\/matthieumiller.be\/index.php\/wp-json\/wp\/v2\/types\/page"}],"author":[{"embeddable":true,"href":"https:\/\/matthieumiller.be\/index.php\/wp-json\/wp\/v2\/users\/1"}],"replies":[{"embeddable":true,"href":"https:\/\/matthieumiller.be\/index.php\/wp-json\/wp\/v2\/comments?post=119"}],"version-history":[{"count":8,"href":"https:\/\/matthieumiller.be\/index.php\/wp-json\/wp\/v2\/pages\/119\/revisions"}],"predecessor-version":[{"id":811,"href":"https:\/\/matthieumiller.be\/index.php\/wp-json\/wp\/v2\/pages\/119\/revisions\/811"}],"wp:attachment":[{"href":"https:\/\/matthieumiller.be\/index.php\/wp-json\/wp\/v2\/media?parent=119"}],"curies":[{"name":"wp","href":"https:\/\/api.w.org\/{rel}","templated":true}]}}